Brak ostrzeżeń.   -   Brak ostrzeżeń pogodowych

NOAA-Style Climate Reports

Wybież rok albo miesiąc raportu
2017: Sty Lut Mar Kwi Maj Cze Lip Sie Wrz Paź Lis Gru
2016: Sty Lut Mar Kwi Maj Cze Lip Sie Wrz Paź Lis Gru
2015: Sty Lut Mar Kwi Maj Cze Lip Sie Wrz Paź Lis Gru
2014: Sty Lut Mar Kwi Maj Cze Lip Sie Wrz Paź Lis Gru
2013: Sty Lut Mar Kwi Maj Cze Lip Sie Wrz Paź Lis Gru
2012: Sty Lut Mar Kwi Maj Cze Lip Sie Wrz Paź Lis Gru

Raport dla 2017 Wrzesień
                   MONTHLY CLIMATOLOGICAL SUMMARY for Sep 2017


NAME: Smolec, Poland    City: Smolec                State: Dolnyslask              
ELEV: 123 m    LAT: 51-05.22 N    LONG: 016-54.37 E


                   TEMPERATURE (C), RAIN (mm), WIND SPEED (km/h)

                                         HEAT   COOL         AVG
      MEAN                               DEG    DEG          WIND                   DOM
DAY   TEMP   HIGH   TIME    LOW   TIME   DAYS   DAYS   RAIN  SPEED   HIGH   TIME    DIR
---------------------------------------------------------------------------------------
 01   14.4   20.3  00:00   11.5  20:07    3.9    0.0   26.1    5.8   24.5  00:10    336
 02   14.0   19.0  15:25   10.6  06:32    4.3    0.0    0.3    4.7   20.9  03:24    324
 03   13.0   16.2  12:45   10.5  04:41    5.3    0.0    0.0    5.7   29.5  12:45    312
 04   14.3   19.8  14:35    9.1  06:07    4.0    0.0    0.0    6.1   31.7  15:17    302
 05   15.4   19.1  15:14   12.6  03:17    3.0    0.0    0.0    6.4   34.2  14:16    308
 06   16.7   21.4  13:01   11.3  06:20    1.6    0.0    5.7    3.7   40.3  22:42    277
 07   14.8   18.5  13:36   12.2  06:51    3.6    0.0    0.0   10.0   42.8  04:18    299
 08   15.5   21.4  15:37    9.8  06:26    2.8    0.0    0.0    4.9   27.0  12:21    207
 09   19.2   25.9  15:40   14.1  00:01    0.0    0.9    0.0    6.8   35.6  10:55    181
 10   14.9   16.8  14:55   12.9  03:34    3.5    0.0    3.0    2.6   19.4  11:29    276
 11   15.3   20.4  13:50   11.0  06:49    3.0    0.0    6.9    2.7   18.4  12:47    189
 12   14.8   19.9  14:16   10.2  06:24    3.5    0.0    0.9    2.0   15.8  14:55    207
 13   14.5   18.0  16:28    9.7  06:08    3.8    0.0    0.6    8.2   46.4  14:59    199
 14   15.1   17.9  14:48   12.2  23:49    3.2    0.0    1.2    7.3   30.6  17:18    211
 15   13.7   17.9  13:57   10.5  23:55    4.6    0.0    0.3    5.3   29.5  06:31    268
 16   11.4   15.5  14:29    7.6  04:11    6.9    0.0    3.3    0.8    9.7  11:59    174
 17   12.3   16.5  12:16    7.9  06:57    6.1    0.0    0.3    2.5   13.3  11:28    322
 18   12.3   19.0  13:53    7.6  23:35    6.0    0.0    2.1    4.1   24.5  13:42    276
 19   11.2   18.6  16:08    3.9  06:11    7.1    0.0    0.3    0.8    9.7  14:23     32
 20   11.4   17.2  17:21    7.4  01:53    6.9    0.0    1.5    4.1   18.4  10:18    311
 21   11.5   17.0  14:26    7.1  04:56    6.8    0.0    0.0    6.9   25.6  15:13    309
 22   12.4   18.2  15:10    7.6  22:56    5.9    0.0    0.0    3.5   19.4  11:40    312
 23   10.5   12.1  20:44    7.6  00:47    7.8    0.0   12.6    6.7   27.0  13:07    308
 24   13.7   17.2  15:20   11.9  04:51    4.7    0.0    2.7    2.3   12.2  04:19    358
 25   14.0   18.1  16:44   11.4  04:00    4.3    0.0    1.8    2.8   22.0  12:29    136
 26   12.8   16.6  17:22   10.1  04:22    5.5    0.0    0.0    1.8   13.3  13:36    127
 27   13.2   18.3  15:32    9.2  04:15    5.1    0.0    0.0    2.5   19.4  09:11    139
 28   13.4   20.5  16:18    7.5  06:57    4.9    0.0    0.0    4.2   19.4  15:33    140
 29   12.5   20.1  15:20    7.3  07:10    5.9    0.0    0.0    3.3   17.3  12:46    115
 30   12.0   19.4  14:44    5.4  07:27    6.3    0.0    0.0    4.0   28.1  16:10    156
---------------------------------------------------------------------------------------
      13.7   25.9     09    3.9     19  140.4    0.9   69.6    4.4   46.4     13    270