Brak ostrzeżeń.   -   Brak ostrzeżeń pogodowych

NOAA-Style Climate Reports

Wybież rok albo miesiąc raportu
2017: Sty Lut Mar Kwi Maj Cze Lip Sie Wrz Paź Lis Gru
2016: Sty Lut Mar Kwi Maj Cze Lip Sie Wrz Paź Lis Gru
2015: Sty Lut Mar Kwi Maj Cze Lip Sie Wrz Paź Lis Gru
2014: Sty Lut Mar Kwi Maj Cze Lip Sie Wrz Paź Lis Gru
2013: Sty Lut Mar Kwi Maj Cze Lip Sie Wrz Paź Lis Gru
2012: Sty Lut Mar Kwi Maj Cze Lip Sie Wrz Paź Lis Gru

Raport dla 2017 Październik
                   MONTHLY CLIMATOLOGICAL SUMMARY for Oct 2017


NAME: Smolec, Poland    City: Smolec                State: Dolnyslask              
ELEV: 123 m    LAT: 51-05.22 N    LONG: 016-54.37 E


                   TEMPERATURE (C), RAIN (mm), WIND SPEED (km/h)

                                         HEAT   COOL         AVG
      MEAN                               DEG    DEG          WIND                   DOM
DAY   TEMP   HIGH   TIME    LOW   TIME   DAYS   DAYS   RAIN  SPEED   HIGH   TIME    DIR
---------------------------------------------------------------------------------------
 01   11.8   19.4  16:08    5.2  06:50    6.5    0.0    0.0    4.2   24.5  12:50    159
 02   12.6   18.9  14:20    5.5  06:50    5.7    0.0    2.7    7.3   40.3  15:16    175
 03   11.5   12.3  17:31    9.9  23:56    6.8    0.0    8.4    3.4   18.4  15:52    244
 04   12.1   16.0  14:26    9.3  04:12    6.2    0.0    0.0    4.7   24.5  11:15    247
 05   11.7   14.5  18:32    9.6  22:07    6.7    0.0    6.0   10.4   73.4  21:12    277
 06   10.1   12.1  14:52    8.8  23:40    8.3    0.0    4.8    9.9   37.8  14:00    303
 07   10.7   14.6  14:53    8.5  00:17    7.7    0.0    0.9    7.1   27.0  11:23    299
 08   10.0   12.6  12:07    7.5  22:09    8.4    0.0    3.6    6.6   28.1  11:57    288
 09    9.5   13.3  15:43    7.5  00:00    8.8    0.0    0.0    7.9   40.3  15:14    301
 10    9.9    9.9  00:00    9.9  00:00    8.4    0.0    2.7    3.2   19.4  17:01    242
 11   13.1   18.0  15:17    9.9  00:00    5.2    0.0    0.6    3.9   22.0  13:10    226
 12   16.8   19.7  15:14   15.3  00:00    1.5    0.0    0.0    7.0   31.7  18:14    247
 13   17.9   17.9  00:00   17.9  00:00    0.4    0.0    0.0    7.1   34.2  15:21    306
 14   17.9   17.9  00:00   17.9  00:00    0.4    0.0    0.0    3.0   23.4  14:21    271
 15   17.9   17.9  00:00   17.9  00:00    0.4    0.0    0.0    2.0   17.3  12:33    276
 16   20.3   25.4  15:41   17.9  00:00    0.0    2.0    0.0    1.8   18.4  13:20    215
 17   25.1   26.8  14:57   24.8  00:01    0.0    6.8    0.0    0.8    9.7  14:18    184
 18   25.4   25.4  00:01   25.4  00:01    0.0    7.1    0.0    0.6   11.2  15:17    169
 19   25.4   25.4  00:01   25.4  00:01    0.0    7.1    0.0    2.0   12.2  08:52    344
 20   25.4   25.4  00:00   25.4  00:00    0.0    7.1    0.0    3.6   15.8  12:32    158
 21   25.4   25.4  00:00   25.4  00:00    0.0    7.1    0.0    2.4   18.4  13:27    301
 22   25.4   25.4  00:00   25.4  00:00    0.0    7.1   13.2    2.8   15.8  09:47    235
 23   25.4   25.4  00:00   25.4  00:00    0.0    7.1   10.5    2.6   22.0  13:45    318
 24   25.4   25.4  00:01   25.4  00:01    0.0    7.1    0.3    2.0   12.2  00:20    211
 25   22.4   25.4  00:01   13.9  20:24    0.0    4.1    1.5    4.0   27.0  22:36    203
 26   13.2   16.1  14:16   10.4  08:08    5.1    0.0    0.0    5.4   27.0  12:24    300
 27   10.4   12.7  01:35    8.0  23:00    8.0    0.0    3.9    8.9   40.3  18:42    309
 28    8.7   10.0  18:45    6.7  01:46    9.6    0.0    1.2   11.6   43.9  12:19    304
 29    7.3    9.8  06:55    4.1  23:20   11.0    0.0   12.3   15.8   68.4  06:53    303
 30    4.7    7.6  12:30    2.8  22:26   13.7    0.0    0.0   11.8   40.3  13:21    313
 31    5.1    8.6  13:38    2.1  03:31   13.3    0.0    2.4    6.8   23.4  12:54    305
---------------------------------------------------------------------------------------
      15.7   26.8     17    2.1     31  142.2   62.3   75.0    5.5   73.4     05    285