Brak ostrzeżeń.   -   Brak ostrzeżeń pogodowych

NOAA-Style Climate Reports

Wybież rok albo miesiąc raportu
2018: Sty Lut Mar Kwi Maj Cze Lip Sie Wrz Paź Lis Gru
2017: Sty Lut Mar Kwi Maj Cze Lip Sie Wrz Paź Lis Gru
2016: Sty Lut Mar Kwi Maj Cze Lip Sie Wrz Paź Lis Gru
2015: Sty Lut Mar Kwi Maj Cze Lip Sie Wrz Paź Lis Gru
2014: Sty Lut Mar Kwi Maj Cze Lip Sie Wrz Paź Lis Gru
2013: Sty Lut Mar Kwi Maj Cze Lip Sie Wrz Paź Lis Gru
2012: Sty Lut Mar Kwi Maj Cze Lip Sie Wrz Paź Lis Gru

Raport dla 2017 Listopad
                   MONTHLY CLIMATOLOGICAL SUMMARY for Nov 2017


NAME: Smolec, Poland    City: Smolec                State: Dolnyslask              
ELEV: 123 m    LAT: 51-05.22 N    LONG: 016-54.37 E


                   TEMPERATURE (C), RAIN (mm), WIND SPEED (km/h)

                                         HEAT   COOL         AVG
      MEAN                               DEG    DEG          WIND                   DOM
DAY   TEMP   HIGH   TIME    LOW   TIME   DAYS   DAYS   RAIN  SPEED   HIGH   TIME    DIR
---------------------------------------------------------------------------------------
 01    7.9    9.5  23:06    6.2  01:26   10.5    0.0    1.2    3.7   15.8  13:09    218
 02    9.5   10.3  08:26    8.8  05:53    8.9    0.0    3.0    3.6   22.0  18:49    262
 03    9.0   10.9  11:50    8.2  23:32    9.3    0.0    0.3    5.9   27.0  11:12    307
 04    8.1   12.7  14:27    1.7  07:30   10.3    0.0    0.0    4.7   27.0  14:25    168
 05    9.4   14.6  12:09    4.3  21:53    8.9    0.0    0.0    5.1   33.1  11:47    174
 06    7.9    9.0  03:17    6.7  00:33   10.4    0.0    2.7    3.1   20.9  10:31    310
 07    7.8    8.7  15:57    6.9  05:01   10.5    0.0    0.6    3.1   24.5  21:34     79
 08    5.3    7.1  00:00    2.8  06:33   13.0    0.0    0.0    3.4   19.4  10:08    134
 09    6.7   10.0  13:48    4.7  06:10   11.6    0.0    0.0    0.9    8.6  23:57    180
 10    7.8   10.3  13:48    6.6  02:11   10.5    0.0    2.1    5.5   24.5  13:17    216
 11    6.1    8.2  10:07    5.1  05:24   12.2    0.0    0.9    6.3   35.6  06:08    273
 12    5.0    8.4  12:40    2.9  23:13   13.3    0.0    1.8    4.3   24.5  10:32    256
 13    3.5    4.4  13:10    2.5  01:08   14.9    0.0    1.8    6.6   24.5  23:00    317
 14    4.1    6.7  13:51    1.8  20:08   14.2    0.0    0.0    5.2   23.4  12:47    289
 15    5.9    8.4  12:37    4.0  19:20   12.5    0.0    0.0    2.4   17.3  04:21    236
 16    6.5   10.9  12:29    4.5  07:04   11.8    0.0    0.3    2.7   17.3  12:15    153
 17    4.6    6.2  10:41    1.3  22:16   13.7    0.0    0.6    3.5   23.4  10:00    306
 18    2.2    6.2  12:40   -2.5  06:52   16.2    0.0    0.3    4.3   28.1  22:14    220
 19    4.3    7.2  11:59    0.3  21:44   14.0    0.0    3.3    7.2   34.2  13:26    270
 20    2.7    4.5  13:18    1.2  00:01   15.6    0.0    8.1    9.4   40.3  03:21    308
 21    3.4    4.5  14:17    2.2  05:55   15.0    0.0    2.7    1.8   13.3  09:11    177
 22    6.2    8.4  13:44    4.2  00:00   12.1    0.0    2.4    1.9   12.2  10:46    183
 23    6.8   14.0  13:28    0.7  06:11   11.5    0.0    0.0    3.2   14.8  11:51    170
 24    9.3   15.1  13:01    3.7  03:30    9.0    0.0    0.0    3.4   19.4  16:29    184
 25    7.6   11.3  00:00    3.7  23:57   10.7    0.0    0.6    5.8   35.6  21:44    225
 26    3.1    5.8  13:15    0.4  20:43   15.3    0.0    0.0    5.5   25.6  02:46    294
 27    3.5    6.7  13:32    0.9  00:00   14.9    0.0    0.0    4.9   24.5  14:08    197
 28    5.1    6.5  13:31    3.2  00:23   13.2    0.0    0.0    5.6   29.5  02:17    193
 29    3.8    5.2  13:01    1.9  23:58   14.5    0.0    0.9    2.2   18.4  05:18    173
 30    1.4    1.9  00:00    0.7  20:43   17.0    0.0    4.8    3.7   25.6  19:11    322
---------------------------------------------------------------------------------------
       5.8   15.1     24   -2.5     18  375.6    0.0   38.4    4.3   40.3     20    242