Extremalnie wysokie temperatury Ważne od: 19-08-2018 13:00 Do: 20-08-2018 17:00 Ostrzeżenie dla: Extremalnie wysokie temperatury Stopień: Żółty info button

Prognozuje się upały. Temperatura maksymalna w dzień od 29°C do 32°C. Temperatura minimalna w nocy od 16°C do 18°C. Spodziewaj się utrudnień. Wysoka temperatura powietrza może stanowić zagrożenie zdrowia osób szczególnie podatnych np. osób starszych i dzieci.


Heat wave is expected with maximum temperature from 29°C to 32°C and minimum temperature from 16°C to 18°C. BE AWARE that high temperatures are expected. Some health risks amongst vulnerable people e.g. the elderly and very young are possible. 

NOAA-Style Climate Reports

Wybież rok albo miesiąc raportu
2018: Sty Lut Mar Kwi Maj Cze Lip Sie Wrz Paź Lis Gru
2017: Sty Lut Mar Kwi Maj Cze Lip Sie Wrz Paź Lis Gru
2016: Sty Lut Mar Kwi Maj Cze Lip Sie Wrz Paź Lis Gru
2015: Sty Lut Mar Kwi Maj Cze Lip Sie Wrz Paź Lis Gru
2014: Sty Lut Mar Kwi Maj Cze Lip Sie Wrz Paź Lis Gru
2013: Sty Lut Mar Kwi Maj Cze Lip Sie Wrz Paź Lis Gru
2012: Sty Lut Mar Kwi Maj Cze Lip Sie Wrz Paź Lis Gru

Raport dla 2017 Grudzień
                   MONTHLY CLIMATOLOGICAL SUMMARY for Dec 2017


NAME: Smolec, Poland    City: Smolec                State: Dolnyslask              
ELEV: 123 m    LAT: 51-05.22 N    LONG: 016-54.37 E


                   TEMPERATURE (C), RAIN (mm), WIND SPEED (km/h)

                                         HEAT   COOL         AVG
      MEAN                               DEG    DEG          WIND                   DOM
DAY   TEMP   HIGH   TIME    LOW   TIME   DAYS   DAYS   RAIN  SPEED   HIGH   TIME    DIR
---------------------------------------------------------------------------------------
 01    0.8    3.4  13:08   -1.4  22:14   17.5    0.0    0.0    5.2   27.0  11:51    305
 02    0.6    1.8  13:23   -0.6  00:00   17.7    0.0    0.0    2.0   11.2  00:08    310
 03    0.3    2.8  12:38   -2.0  21:39   18.0    0.0    0.0    2.2   20.9  23:14    228
 04    1.0    3.0  12:22   -0.9  01:32   17.3    0.0    5.1    7.4   29.5  12:17    302
 05    4.0    6.1  23:48    1.7  00:09   14.3    0.0    1.2    9.7   36.7  21:50    308
 06    6.1    6.3  12:32    5.7  18:30   12.3    0.0    0.0   13.7   46.4  15:33    305
 07    5.7    7.8  13:26    3.9  16:57   12.7    0.0    0.0    7.0   27.0  00:16    212
 08    5.0    7.7  04:38    0.4  23:48   13.3    0.0    0.0    6.6   37.8  05:31    213
 09    1.1    3.5  12:38   -1.8  08:19   17.2    0.0    0.0    5.3   31.7  20:11    274
 10    1.0    3.0  22:23   -0.4  08:07   17.3    0.0    0.3    8.1   34.2  13:56    186
 11    6.9   12.3  23:53    2.0  01:17   11.4    0.0    0.0    8.1   37.8  09:51    180
 12    7.9   12.8  00:37    3.1  21:04   10.4    0.0    0.0    9.7   46.4  12:38    215
 13    2.4    4.8  12:39    0.4  08:30   16.0    0.0    0.0    5.8   34.2  22:17    189
 14    4.2    6.3  11:49    2.1  02:24   14.1    0.0    0.6    9.8   51.5  11:56    199
 15    2.7    5.6  12:52   -1.7  23:12   15.6    0.0    2.4    5.7   34.2  13:50    225
 16   -0.5    2.1  13:52   -4.2  07:38   18.8    0.0    0.3    1.8   13.3  21:09    263
 17    0.9    2.2  11:19   -0.3  23:32   17.4    0.0    1.5    2.9   17.3  18:29    281
 18   -2.1   -0.3  00:03   -3.5  22:55   20.4    0.0    0.0    2.1   13.3  01:01    283
 19   -2.1    0.2  14:35   -4.4  01:20   20.4    0.0    0.0    1.7    9.7  13:10    256
 20   -0.0    0.7  12:20   -0.3  02:20   18.4    0.0    1.5    1.4   14.8  14:15    304
 21    2.7    5.1  17:30    0.0  00:05   15.7    0.0    5.7    5.9   27.0  23:11    290
 22    4.7    5.8  12:52    3.8  22:12   13.6    0.0    0.3   10.6   27.0  09:22    311
 23    6.3    9.5  23:47    3.8  00:02   12.1    0.0    0.0   15.0   51.5  20:47    309
 24    9.6   10.0  12:55    9.1  03:22    8.8    0.0    0.0   16.2   46.4  09:57    311
 25    6.6    9.9  01:50   -0.4  21:09   11.7    0.0    0.0    5.8   33.1  01:57    275
 26    4.0    7.2  11:22   -0.6  03:33   14.3    0.0    0.0    5.9   31.7  19:01    188
 27    2.9    6.2  23:28   -0.1  08:29   15.4    0.0    0.0    3.7   19.4  12:40    141
 28    4.5    8.2  07:20    1.6  14:58   13.8    0.0    8.1    6.3   28.1  22:27    300
 29    1.7    3.4  12:40   -0.6  23:56   16.6    0.0    0.0    6.4   27.0  03:38    278
 30    0.9    5.4  23:37   -2.7  08:24   17.4    0.0    0.9    6.6   30.6  18:29    178
 31    8.5   11.3  19:27    5.3  00:00    9.9    0.0    0.6    5.9   29.5  00:26    213
---------------------------------------------------------------------------------------
       3.2   12.8     12   -4.4     19  469.9    0.0   28.5    6.6   51.5     14    263