Extremalnie wysokie temperatury Ważne od: 19-08-2018 13:00 Do: 20-08-2018 17:00 Ostrzeżenie dla: Extremalnie wysokie temperatury Stopień: Żółty info button

Prognozuje się upały. Temperatura maksymalna w dzień od 29°C do 32°C. Temperatura minimalna w nocy od 16°C do 18°C. Spodziewaj się utrudnień. Wysoka temperatura powietrza może stanowić zagrożenie zdrowia osób szczególnie podatnych np. osób starszych i dzieci.


Heat wave is expected with maximum temperature from 29°C to 32°C and minimum temperature from 16°C to 18°C. BE AWARE that high temperatures are expected. Some health risks amongst vulnerable people e.g. the elderly and very young are possible. 

NOAA-Style Climate Reports

Wybież rok albo miesiąc raportu
2018: Sty Lut Mar Kwi Maj Cze Lip Sie Wrz Paź Lis Gru
2017: Sty Lut Mar Kwi Maj Cze Lip Sie Wrz Paź Lis Gru
2016: Sty Lut Mar Kwi Maj Cze Lip Sie Wrz Paź Lis Gru
2015: Sty Lut Mar Kwi Maj Cze Lip Sie Wrz Paź Lis Gru
2014: Sty Lut Mar Kwi Maj Cze Lip Sie Wrz Paź Lis Gru
2013: Sty Lut Mar Kwi Maj Cze Lip Sie Wrz Paź Lis Gru
2012: Sty Lut Mar Kwi Maj Cze Lip Sie Wrz Paź Lis Gru

Raport dla 2018
                     Annual Climatological Summary for year 2018


NAME: Smolec, Poland    City: Smolec               State: Dolnyslask
ELEV: 123 m                LAT: 51-05.22 N    LONG: 016-54.37 E


                                       TEMPERATURE (C)

                              HEAT    COOL                              MAX    MAX    MIN    MIN
          MEAN   MEAN         DEG     DEG                                >=     <=     <=     <=
 YR  MO   MAX    MIN    MEAN  DAYS    DAYS      HI  DAY     LOW  DAY     30      0      0    -20
------------------------------------------------------------------------------------------------
2018 01    5.5    0.6    3.0  474.1    0.0    11.4   06    -6.7   15      0      2     13      0
2018 02    2.0   -4.3   -1.3  550.7    0.0     8.7   16   -14.8   27      0      7     20      0
2018 03    6.5   -2.3    1.9  508.1    0.0    16.6   11   -15.0   03      0      5     17      0
2018 04   21.7    7.7   14.6  117.0    4.4    30.1   29     1.2   01      1      0      0      0
2018 05   25.6   11.3   18.2   41.0   38.0    32.3   29     5.8   06      6      0      0      0
2018 06   26.8   14.2   20.0   26.9   76.6    33.2   21     9.5   25     11      0      0      0
2018 07   28.2   14.7   21.3    9.4  102.1    35.9   31     7.1   02     14      0      0      0
2018 08   31.7   16.7   24.1    0.0  107.4    36.9   02    10.5   12     13      0      0      0
2018 09
2018 10
2018 11
2018 12
------------------------------------------------------------------------------------------------
          18.0    6.9   12.3 1727.2  328.5    36.9  Aug   -15.0  Mar     45     14     50      0


                  PRECIPITATION (mm)

                  MAX         ---DAYS OF RAIN---
                  OBS.               OVER
 YR  MO  TOTAL    DAY  DATE   0.30   3.00  30.00
------------------------------------------------
2018 01   13.2    4.2    10      7      1      0
2018 02    2.4    1.8    01      1      0      0
2018 03   29.1    7.8    06      9      2      0
2018 04   27.3    9.0    16      6      2      0
2018 05   48.9   26.7    17      8      3      0
2018 06   44.4   20.7    26      6      4      0
2018 07   90.6   17.1    18     11      7      0
2018 08    5.7    2.7    14      2      0      0
2018 09
2018 10
2018 11
2018 12
------------------------------------------------
         261.6   26.7   May     50     19      0


           WIND SPEED (km/h)

                                DOM
 YR  MO    AVG     HI   DATE    DIR
-----------------------------------
2018 01    6.0   63.7     18    209 
2018 02    3.3   34.2     24     32 
2018 03    4.4   40.3     18    169 
2018 04    5.3   49.0     02    249 
2018 05    3.9   39.2     03     34 
2018 06    4.3   51.5     21    320 
2018 07    3.9   37.8     14    317 
2018 08    3.0   41.8     11    244 
2018 09
2018 10
2018 11
2018 12
-----------------------------------
           4.3   63.7    Jan    293