Extremalnie wysokie temperatury Ważne od: 19-08-2018 13:00 Do: 20-08-2018 17:00 Ostrzeżenie dla: Extremalnie wysokie temperatury Stopień: Żółty info button

Prognozuje się upały. Temperatura maksymalna w dzień od 29°C do 32°C. Temperatura minimalna w nocy od 16°C do 18°C. Spodziewaj się utrudnień. Wysoka temperatura powietrza może stanowić zagrożenie zdrowia osób szczególnie podatnych np. osób starszych i dzieci.


Heat wave is expected with maximum temperature from 29°C to 32°C and minimum temperature from 16°C to 18°C. BE AWARE that high temperatures are expected. Some health risks amongst vulnerable people e.g. the elderly and very young are possible. 

NOAA-Style Climate Reports

Wybież rok albo miesiąc raportu
2018: Sty Lut Mar Kwi Maj Cze Lip Sie Wrz Paź Lis Gru
2017: Sty Lut Mar Kwi Maj Cze Lip Sie Wrz Paź Lis Gru
2016: Sty Lut Mar Kwi Maj Cze Lip Sie Wrz Paź Lis Gru
2015: Sty Lut Mar Kwi Maj Cze Lip Sie Wrz Paź Lis Gru
2014: Sty Lut Mar Kwi Maj Cze Lip Sie Wrz Paź Lis Gru
2013: Sty Lut Mar Kwi Maj Cze Lip Sie Wrz Paź Lis Gru
2012: Sty Lut Mar Kwi Maj Cze Lip Sie Wrz Paź Lis Gru

Raport dla 2018 Styczeń
                   MONTHLY CLIMATOLOGICAL SUMMARY for Jan 2018


NAME: Smolec, Poland    City: Smolec                State: Dolnyslask              
ELEV: 123 m    LAT: 51-05.22 N    LONG: 016-54.37 E


                   TEMPERATURE (C), RAIN (mm), WIND SPEED (km/h)

                                         HEAT   COOL         AVG
      MEAN                               DEG    DEG          WIND                   DOM
DAY   TEMP   HIGH   TIME    LOW   TIME   DAYS   DAYS   RAIN  SPEED   HIGH   TIME    DIR
---------------------------------------------------------------------------------------
 01    8.2   10.6  07:00    2.8  22:31   10.2    0.0    0.0    6.7   28.1  09:30    209
 02    4.0    6.9  12:31    1.6  02:10   14.3    0.0    0.6    5.4   30.6  13:33    274
 03    4.0    6.5  15:44    1.4  05:18   14.3    0.0    2.4    8.6   46.4  15:39    188
 04    6.2    8.8  13:24    3.9  07:36   12.2    0.0    0.0    7.9   31.7  02:16    206
 05    7.6    9.7  12:21    5.2  00:53   10.7    0.0    0.3    7.8   31.7  13:39    216
 06    7.8   11.4  11:54    5.9  07:46   10.6    0.0    0.0    1.1    9.7  01:26    208
 07    3.5    6.3  00:14    0.1  23:59   14.9    0.0    0.6    4.4   24.5  15:24     26
 08   -0.5    2.7  14:07   -3.1  23:36   18.8    0.0    0.0    3.7   17.3  14:28     78
 09    0.5    3.8  17:42   -3.3  04:31   17.9    0.0    0.0    5.7   23.4  14:33    144
 10    3.9    5.1  14:25    2.6  00:00   14.5    0.0    4.2    2.4   22.0  01:22    143
 11    3.0    3.9  13:45    1.6  23:31   15.4    0.0    0.3    1.0    9.7  18:52     97
 12    1.1    1.6  00:00    0.0  23:54   17.3    0.0    0.0    3.6   23.4  23:48     91
 13   -0.2    0.1  00:07   -0.8  02:52   18.6    0.0    0.0    6.2   23.4  01:32    108
 14   -2.0   -0.2  00:00   -4.8  23:56   20.3    0.0    0.0    6.2   22.0  08:14    128
 15   -3.0    1.1  13:36   -6.7  06:07   21.4    0.0    0.0   10.1   49.0  23:33    167
 16    0.5    3.9  12:07   -2.7  01:16   17.8    0.0    0.3    9.9   52.6  08:56    176
 17    1.6    3.2  13:44    0.0  06:09   16.8    0.0    0.3    6.3   35.6  15:08    278
 18    3.0    6.1  18:35    0.4  07:36   15.3    0.0    0.6   14.2   63.7  20:43    290
 19    1.7    3.7  11:44   -0.3  23:47   16.6    0.0    0.0    6.7   43.9  02:48    307
 20    0.6    4.4  13:57   -1.6  20:39   17.7    0.0    0.3    2.0   17.3  14:28    190
 21   -2.0    0.0  12:25   -4.0  07:27   20.3    0.0    0.0    2.2   15.8  14:13      6
 22   -1.0    0.5  13:21   -1.7  08:14   19.4    0.0    0.0    5.5   24.5  14:08    154
 23   -0.4    1.0  14:57   -2.1  02:34   18.7    0.0    0.3    2.1   14.8  00:42    165
 24    5.1    9.0  14:45    0.5  00:00   13.3    0.0    0.0    6.0   24.5  12:46    196
 25    6.2   10.2  11:07    3.5  22:21   12.1    0.0    0.0    4.9   20.9  12:52    180
 26    3.7    7.4  14:44    0.9  08:12   14.6    0.0    0.0    1.7   11.2  03:36    171
 27    4.9    6.3  14:07    3.8  03:07   13.4    0.0    1.8    1.7   11.2  06:43    257
 28    6.8    9.0  14:12    3.5  03:26   11.6    0.0    0.0    9.4   37.8  11:00    274
 29   10.0   11.3  12:30    8.6  00:00    8.4    0.0    0.0   10.3   40.3  12:24    280
 30    5.1    9.6  00:00    1.8  23:23   13.3    0.0    1.2   13.3   56.2  03:37    307
 31    4.5    8.0  12:19    0.2  05:30   13.9    0.0    0.0    6.6   30.6  12:47    183
---------------------------------------------------------------------------------------
       3.0   11.4     06   -6.7     15  474.1    0.0   13.2    6.0   63.7     18    209