Wiatr Ważne od: 24-09-2018 09:00 Do: 17:00 Ostrzeżenie dla: Wiatr Stopień: Żółty info button

Przewiduje się wystąpienie silnego wiatru o średniej prędkości od 30 km/h do 45 km/h, w porywach do 75 km/h, z północnego zachodu. Spodziewaj się utrudnień. Przedmioty niesione przez wiatr mogą stanowić zagrożenie i być przyczyną utrudnień.


It is expected strong wind with mean speed between 30 km/h and 45 km/h, and gusts to 75 km/h, from northwest. BE AWARE of debris being blown around. Localised outdoor activity disruption is possible due to debris. 

NOAA-Style Climate Reports

Wybież rok albo miesiąc raportu
2018: Sty Lut Mar Kwi Maj Cze Lip Sie Wrz Paź Lis Gru
2017: Sty Lut Mar Kwi Maj Cze Lip Sie Wrz Paź Lis Gru
2016: Sty Lut Mar Kwi Maj Cze Lip Sie Wrz Paź Lis Gru
2015: Sty Lut Mar Kwi Maj Cze Lip Sie Wrz Paź Lis Gru
2014: Sty Lut Mar Kwi Maj Cze Lip Sie Wrz Paź Lis Gru
2013: Sty Lut Mar Kwi Maj Cze Lip Sie Wrz Paź Lis Gru
2012: Sty Lut Mar Kwi Maj Cze Lip Sie Wrz Paź Lis Gru

Raport dla 2018 Luty
                   MONTHLY CLIMATOLOGICAL SUMMARY for Feb 2018


NAME: Smolec, Poland    City: Smolec                State: Dolnyslask              
ELEV: 123 m    LAT: 51-05.22 N    LONG: 016-54.37 E


                   TEMPERATURE (C), RAIN (mm), WIND SPEED (km/h)

                                         HEAT   COOL         AVG
      MEAN                               DEG    DEG          WIND                   DOM
DAY   TEMP   HIGH   TIME    LOW   TIME   DAYS   DAYS   RAIN  SPEED   HIGH   TIME    DIR
---------------------------------------------------------------------------------------
 01    4.7    6.6  06:16    2.3  23:59   13.6    0.0    1.8    3.8   30.6  01:32    198
 02    2.6    6.2  14:08   -0.7  21:14   15.7    0.0    0.0    2.7   19.4  12:56    198
 03    2.3    5.9  14:14    0.3  05:34   16.0    0.0    0.0    2.8   19.4  14:16    285
 04    0.3    1.4  13:43   -0.9  01:58   18.0    0.0    0.0    4.5   19.4  07:52    321
 05   -3.0   -0.1  13:54   -8.2  23:57   21.3    0.0    0.0    2.1   19.4  13:51     19
 06   -5.4   -0.5  14:38  -10.1  06:19   23.8    0.0    0.0    2.8   15.8  11:26    152
 07   -1.5    2.1  13:57   -5.0  03:35   19.8    0.0    0.0    2.1   14.8  00:32    121
 08   -1.2    2.8  12:55   -5.9  23:53   19.6    0.0    0.0    2.0   19.4  12:47    359
 09   -3.2    1.5  12:22   -8.0  04:35   21.5    0.0    0.0    0.7    8.6  13:58    149
 10   -2.7    1.3  12:29   -7.4  03:40   21.0    0.0    0.0    1.7   14.8  12:32    163
 11    0.8    4.6  13:41   -1.4  07:40   17.5    0.0    0.0    4.9   24.5  13:46    171
 12    2.5    6.5  13:40   -0.7  19:47   15.8    0.0    0.3    3.0   22.0  13:09    290
 13    0.3    5.7  14:20   -3.2  23:49   18.1    0.0    0.0    1.1   11.2  10:47    278
 14   -1.2    2.4  11:05   -3.8  01:08   19.5    0.0    0.0    2.6   18.4  15:14    357
 15    0.0    2.4  13:44   -1.0  00:00   18.3    0.0    0.3    4.1   20.9  20:56    172
 16    3.3    8.7  15:36    0.9  00:00   15.0    0.0    0.0    5.3   27.0  11:09    266
 17    2.5    2.5  00:00    2.5  00:00   15.8    0.0    0.0    1.8   13.3  09:38    259
 18    2.5    2.5  00:00    2.5  00:00   15.8    0.0    0.0    2.4   15.8  07:59    341
 19    2.5    2.5  00:00    2.5  00:00   15.8    0.0    0.0    3.5   23.4  13:13    154
 20    2.5    2.5  00:00    2.5  00:00   15.8    0.0    0.0    3.1   15.8  14:45     70
 21    2.5    2.5  00:00    2.5  00:00   15.8    0.0    0.0    2.8   20.9  12:37     22
 22    1.4    5.2  19:37   -4.6  23:50   16.9    0.0    0.0    4.3   25.6  11:48     41
 23   -5.1    0.8  14:08   -9.1  23:50   23.4    0.0    0.0    3.6   18.4  15:48     25
 24   -6.5   -3.2  12:39   -9.7  01:16   24.8    0.0    0.0    6.3   34.2  12:21      6
 25   -8.7   -3.6  15:07  -14.1  07:09   27.0    0.0    0.0    3.6   20.9  02:31     25
 26  -10.1   -4.9  12:56  -14.4  06:08   28.5    0.0    0.0    3.5   20.9  19:11     36
 27  -10.0   -4.8  13:24  -14.8  06:30   28.4    0.0    0.0    5.7   30.6  15:17     47
 28   -9.7   -4.8  14:07  -13.2  04:24   28.0    0.0    0.0    4.8   22.0  01:47     43
---------------------------------------------------------------------------------------
      -1.3    8.7     16  -14.8     27  550.7    0.0    2.4    3.3   34.2     24     32