Extremalnie wysokie temperatury Ważne od: 19-08-2018 13:00 Do: 20-08-2018 17:00 Ostrzeżenie dla: Extremalnie wysokie temperatury Stopień: Żółty info button

Prognozuje się upały. Temperatura maksymalna w dzień od 29°C do 32°C. Temperatura minimalna w nocy od 16°C do 18°C. Spodziewaj się utrudnień. Wysoka temperatura powietrza może stanowić zagrożenie zdrowia osób szczególnie podatnych np. osób starszych i dzieci.


Heat wave is expected with maximum temperature from 29°C to 32°C and minimum temperature from 16°C to 18°C. BE AWARE that high temperatures are expected. Some health risks amongst vulnerable people e.g. the elderly and very young are possible. 

NOAA-Style Climate Reports

Wybież rok albo miesiąc raportu
2018: Sty Lut Mar Kwi Maj Cze Lip Sie Wrz Paź Lis Gru
2017: Sty Lut Mar Kwi Maj Cze Lip Sie Wrz Paź Lis Gru
2016: Sty Lut Mar Kwi Maj Cze Lip Sie Wrz Paź Lis Gru
2015: Sty Lut Mar Kwi Maj Cze Lip Sie Wrz Paź Lis Gru
2014: Sty Lut Mar Kwi Maj Cze Lip Sie Wrz Paź Lis Gru
2013: Sty Lut Mar Kwi Maj Cze Lip Sie Wrz Paź Lis Gru
2012: Sty Lut Mar Kwi Maj Cze Lip Sie Wrz Paź Lis Gru

Raport dla 2018 Marzec
                   MONTHLY CLIMATOLOGICAL SUMMARY for Mar 2018


NAME: Smolec, Poland    City: Smolec                State: Dolnyslask              
ELEV: 123 m    LAT: 51-05.22 N    LONG: 016-54.37 E


                   TEMPERATURE (C), RAIN (mm), WIND SPEED (km/h)

                                         HEAT   COOL         AVG
      MEAN                               DEG    DEG          WIND                   DOM
DAY   TEMP   HIGH   TIME    LOW   TIME   DAYS   DAYS   RAIN  SPEED   HIGH   TIME    DIR
---------------------------------------------------------------------------------------
 01   -9.3   -3.5  15:27  -14.3  05:36   27.7    0.0    0.0    3.1   18.4  11:11    103
 02   -8.3   -2.1  14:37  -13.4  06:41   26.7    0.0    0.0    4.6   24.5  13:34     71
 03   -8.6   -2.2  14:08  -15.0  06:24   26.9    0.0    0.0    1.6   18.4  10:37     79
 04   -5.6    2.1  14:24  -13.5  03:57   23.9    0.0    0.0    4.5   24.5  10:54    148
 05    0.4    7.2  14:24   -6.2  06:07   18.0    0.0    0.0    3.3   19.4  02:52    155
 06    1.5    4.3  15:03    0.1  05:38   16.9    0.0    7.8    2.6   13.3  10:45    136
 07    2.8    5.5  16:07    0.3  00:00   15.5    0.0    0.3    2.7   19.4  07:41    203
 08    5.1    9.2  15:30    2.3  23:57   13.2    0.0    0.0    4.4   29.5  11:55    208
 09    6.2   11.7  14:15    1.9  00:16   12.1    0.0    0.0    5.2   30.6  11:01    226
 10    6.5   13.5  15:44   -1.7  03:55   11.8    0.0    0.0    3.5   20.9  12:11    170
 11    9.4   16.6  14:07    2.7  02:46    9.0    0.0    0.0    3.9   25.6  12:33    158
 12    9.1   13.7  11:15    4.6  03:44    9.2    0.0    3.0    6.4   28.1  14:51    186
 13    9.6   12.8  13:36    6.8  23:57    8.7    0.0    0.3    3.9   23.4  08:27    216
 14    5.0    7.1  04:23    3.0  23:05   13.4    0.0    1.5    5.5   29.5  07:21    307
 15    4.2    7.0  13:11    2.2  06:19   14.1    0.0    0.0    3.7   25.6  19:18     91
 16   -0.1    3.4  00:00   -3.9  23:58   18.4    0.0    2.1    5.6   27.0  06:29     23
 17   -4.7   -3.8  10:40   -6.0  06:29   23.1    0.0    0.0    8.2   33.1  13:48     28
 18   -5.1   -1.1  14:27   -8.8  06:23   23.5    0.0    0.9    8.6   40.3  09:34     59
 19   -3.9    0.4  12:10   -9.6  04:17   22.2    0.0    3.0    3.7   22.0  10:26     33
 20   -0.8    5.8  15:50   -7.0  06:15   19.1    0.0    0.3    3.4   18.4  23:21    329
 21    0.7    5.4  14:21   -2.9  04:30   17.6    0.0    0.0    4.7   25.6  13:55    336
 22    1.6    5.7  12:34   -1.5  00:00   16.7    0.0    0.0    6.4   25.6  12:17    210
 23    2.2    4.1  13:20    0.3  23:46   16.1    0.0    1.2    2.0   15.8  15:13    307
 24    3.0    8.6  13:25   -1.5  23:30   15.3    0.0    0.0    2.3   19.4  13:55    153
 25    4.5   10.4  14:54   -1.1  00:00   13.8    0.0    0.0    5.7   28.1  17:26    178
 26    4.1    8.3  13:15   -0.9  00:59   14.3    0.0    0.0    2.8   18.4  12:55    300
 27    3.4    7.7  15:40    0.8  06:50   14.9    0.0    0.0    4.2   20.9  13:09    330
 28    3.4    7.8  14:43   -1.1  03:15   14.9    0.0    0.0    5.2   25.6  13:26    136
 29    6.8    9.3  16:07    4.8  04:15   11.5    0.0    1.2    7.2   40.3  12:33    280
 30    8.4   15.3  15:30    0.8  07:05   10.0    0.0    0.0    3.3   18.4  16:55    190
 31    8.7   12.3  15:11    5.7  23:58    9.6    0.0    7.5    4.2   27.0  22:37    355
---------------------------------------------------------------------------------------
       1.9   16.6     11  -15.0     03  508.1    0.0   29.1    4.4   40.3     18    169