Brak ostrzeżeń.   -   Brak ostrzeżeń pogodowych

NOAA-Style Climate Reports

Wybież rok albo miesiąc raportu
2018: Sty Lut Mar Kwi Maj Cze Lip Sie Wrz Paź Lis Gru
2017: Sty Lut Mar Kwi Maj Cze Lip Sie Wrz Paź Lis Gru
2016: Sty Lut Mar Kwi Maj Cze Lip Sie Wrz Paź Lis Gru
2015: Sty Lut Mar Kwi Maj Cze Lip Sie Wrz Paź Lis Gru
2014: Sty Lut Mar Kwi Maj Cze Lip Sie Wrz Paź Lis Gru
2013: Sty Lut Mar Kwi Maj Cze Lip Sie Wrz Paź Lis Gru
2012: Sty Lut Mar Kwi Maj Cze Lip Sie Wrz Paź Lis Gru

Raport dla 2018 Kwiecień
                   MONTHLY CLIMATOLOGICAL SUMMARY for Apr 2018


NAME: Smolec, Poland    City: Smolec                State: Dolnyslask              
ELEV: 123 m    LAT: 51-05.22 N    LONG: 016-54.37 E


                   TEMPERATURE (C), RAIN (mm), WIND SPEED (km/h)

                                         HEAT   COOL         AVG
      MEAN                               DEG    DEG          WIND                   DOM
DAY   TEMP   HIGH   TIME    LOW   TIME   DAYS   DAYS   RAIN  SPEED   HIGH   TIME    DIR
---------------------------------------------------------------------------------------
 01    2.8    5.7  00:00    1.2  23:43   15.5    0.0    0.0   17.0   46.4  09:57    310
 02    5.3   10.4  17:04    1.2  00:16   13.0    0.0    0.3   11.9   49.0  05:06    310
 03   10.5   20.5  16:31    2.0  04:41    7.8    0.0    0.3    4.7   24.5  14:38    174
 04   15.0   22.8  14:33    7.8  06:48    3.4    0.0    0.0    3.9   14.8  17:43    161
 05   13.5   18.2  12:32    8.2  23:56    4.9    0.0    2.4    5.9   39.2  19:56    278
 06    7.7   13.6  16:23    3.1  23:56   10.7    0.0    0.0    7.7   34.2  03:08    316
 07   10.4   19.3  16:30    1.2  06:49    8.0    0.0    0.0    6.3   28.1  11:19    156
 08   13.5   21.1  13:53    6.2  06:15    4.8    0.0    3.0    5.5   39.2  14:36    149
 09   15.5   26.2  16:57    4.1  06:24    2.8    0.0    0.0    1.6   19.4  15:32     77
 10   16.7   23.0  15:19   10.9  06:38    1.6    0.0    0.3    5.4   27.0  10:37    156
 11   15.9   21.6  14:56    9.0  05:28    2.4    0.0    0.0    4.5   27.0  15:14    140
 12   18.0   25.7  16:57   10.3  05:53    0.3    0.0    0.0    6.1   33.1  12:54    141
 13   16.5   20.9  16:28   11.4  23:59    1.8    0.0    0.0    6.0   43.9  18:42    157
 14   15.3   21.3  17:05   10.3  01:00    3.1    0.0    0.0    5.5   23.4  09:22    209
 15   16.6   23.9  15:53    7.8  06:29    1.7    0.0    0.0    4.5   31.7  12:46    151
 16   15.8   19.4  15:46   12.8  23:40    2.6    0.0    9.0    4.4   25.6  18:14    253
 17   13.5   17.4  17:26    9.4  23:59    4.8    0.0    0.0    6.7   27.0  08:43    309
 18   14.5   23.3  16:23    5.2  06:00    3.8    0.0    0.0    2.2   18.4  13:39    313
 19   16.9   26.3  16:09    7.6  05:54    1.4    0.0    0.0    2.7   34.2  16:28    329
 20   17.6   25.1  16:07    9.9  04:50    0.8    0.0    0.0    3.8   19.4  14:41    161
 21   18.3   27.4  15:07    8.9  04:59    0.1    0.0    0.0    3.5   29.5  15:30    330
 22   16.0   25.3  17:30    6.0  06:10    2.4    0.0    0.0    1.5   14.8  14:23    308
 23   16.2   26.8  14:11   10.4  07:10    2.1    0.0    8.4    4.2   22.0  15:19    203
 24   15.8   21.3  12:58    9.1  06:11    2.5    0.0    0.0    5.5   24.5  15:49    313
 25   16.4   23.8  13:59   10.8  03:15    1.9    0.0    2.4    8.2   43.9  17:49    268
 26   12.2   16.3  11:26    8.5  23:09    6.1    0.0    0.9    5.3   42.8  15:58    307
 27   12.4   18.1  14:52    5.2  05:38    6.0    0.0    0.0    3.8   23.4  16:26    174
 28   17.5   27.7  16:07    7.7  05:44    0.8    0.0    0.0    3.5   23.4  12:29    189
 29   20.4   30.1  16:53    9.8  05:37    0.0    2.1    0.0    1.5   14.8  14:40    136
 30   20.7   28.0  13:45   13.6  23:54    0.0    2.3    0.3    6.9   46.4  10:40    175
---------------------------------------------------------------------------------------
      14.6   30.1     29    1.2     01  117.0    4.4   27.3    5.3   49.0     02    249