Extremalnie wysokie temperatury Ważne od: 19-08-2018 13:00 Do: 20-08-2018 17:00 Ostrzeżenie dla: Extremalnie wysokie temperatury Stopień: Żółty info button

Prognozuje się upały. Temperatura maksymalna w dzień od 29°C do 32°C. Temperatura minimalna w nocy od 16°C do 18°C. Spodziewaj się utrudnień. Wysoka temperatura powietrza może stanowić zagrożenie zdrowia osób szczególnie podatnych np. osób starszych i dzieci.


Heat wave is expected with maximum temperature from 29°C to 32°C and minimum temperature from 16°C to 18°C. BE AWARE that high temperatures are expected. Some health risks amongst vulnerable people e.g. the elderly and very young are possible. 

NOAA-Style Climate Reports

Wybież rok albo miesiąc raportu
2018: Sty Lut Mar Kwi Maj Cze Lip Sie Wrz Paź Lis Gru
2017: Sty Lut Mar Kwi Maj Cze Lip Sie Wrz Paź Lis Gru
2016: Sty Lut Mar Kwi Maj Cze Lip Sie Wrz Paź Lis Gru
2015: Sty Lut Mar Kwi Maj Cze Lip Sie Wrz Paź Lis Gru
2014: Sty Lut Mar Kwi Maj Cze Lip Sie Wrz Paź Lis Gru
2013: Sty Lut Mar Kwi Maj Cze Lip Sie Wrz Paź Lis Gru
2012: Sty Lut Mar Kwi Maj Cze Lip Sie Wrz Paź Lis Gru

Raport dla 2018 Maj
                   MONTHLY CLIMATOLOGICAL SUMMARY for May 2018


NAME: Smolec, Poland    City: Smolec                State: Dolnyslask              
ELEV: 123 m    LAT: 51-05.22 N    LONG: 016-54.37 E


                   TEMPERATURE (C), RAIN (mm), WIND SPEED (km/h)

                                         HEAT   COOL         AVG
      MEAN                               DEG    DEG          WIND                   DOM
DAY   TEMP   HIGH   TIME    LOW   TIME   DAYS   DAYS   RAIN  SPEED   HIGH   TIME    DIR
---------------------------------------------------------------------------------------
 01   15.4   22.7  15:18   10.0  03:15    3.0    0.0    2.1    2.2   17.3  11:00    317
 02   16.3   23.2  18:16   10.1  05:09    2.0    0.0    0.0    3.4   20.9  08:30     90
 03   18.3   26.8  14:14   13.7  05:27    0.1    0.0    0.0    5.5   39.2  16:33    322
 04   15.0   21.7  15:11    8.7  05:31    3.4    0.0    0.0    5.0   28.1  00:51    359
 05   14.2   21.8  16:31    7.1  05:58    4.1    0.0    0.0    2.8   22.0  11:02     22
 06   14.7   23.8  15:43    5.8  04:08    3.6    0.0    0.0    3.1   23.4  11:32     33
 07   17.0   26.1  15:20    6.7  05:55    1.4    0.0    0.0    2.7   22.0  12:32     23
 08   18.5   27.4  14:50    7.7  05:55    0.0    0.2    0.0    3.3   24.5  15:41     47
 09   19.3   27.0  16:30   12.3  05:26    0.0    1.0    2.1    2.6   25.6  14:25    146
 10   19.6   27.1  15:10   14.0  01:39    0.0    1.2    0.6    3.8   23.4  13:41    161
 11   17.2   21.4  16:56   14.3  05:06    1.1    0.0    2.7    3.1   18.4  07:39    318
 12   17.9   28.1  15:45   11.8  06:25    0.4    0.0    0.0    1.8   19.4  16:59    337
 13   20.0   26.9  15:48   11.6  05:43    0.0    1.7    0.0    5.0   27.0  12:12    112
 14   18.0   22.8  13:40   13.0  23:55    0.3    0.0    0.0    6.1   30.6  08:53    102
 15   14.9   22.0  15:50    8.2  04:25    3.4    0.0    0.9    2.7   25.6  16:13     71
 16   15.3   21.7  12:51   11.9  01:29    3.0    0.0    8.1    2.6   17.3  14:46    307
 17   13.9   16.1  16:57   12.6  07:01    4.5    0.0   26.7    8.3   30.6  03:13    314
 18   14.3   18.8  17:13   11.6  05:41    4.1    0.0    0.0   10.8   34.2  09:10    311
 19   15.8   23.6  15:11    9.9  23:57    2.5    0.0    0.0    4.6   20.9  13:43    328
 20   15.5   24.4  15:02    6.1  05:01    2.8    0.0    0.0    2.6   19.4  13:02     36
 21   17.0   23.9  14:58    7.9  05:10    1.3    0.0    0.0    4.0   28.1  11:57     99
 22   18.4   27.5  17:02    7.8  05:21    0.0    0.1    0.0    2.0   15.8  13:21     88
 23   19.5   27.3  15:29   12.5  05:03    0.0    1.1    5.4    2.7   18.4  11:26     92
 24   20.2   26.3  14:22   14.6  04:54    0.0    1.9    0.3    4.8   28.1  13:34     76
 25   20.0   28.0  17:12   11.2  05:09    0.0    1.7    0.0    3.4   27.0  18:15     50
 26   20.8   30.0  16:33   10.9  05:06    0.0    2.5    0.0    1.4   12.2  15:05    197
 27   22.7   31.6  14:56   12.4  05:04    0.0    4.4    0.0    2.7   20.9  14:20    112
 28   24.6   32.0  15:50   17.6  04:35    0.0    6.3    0.0    4.4   27.0  11:53    125
 29   23.3   32.3  15:44   16.2  05:07    0.0    5.0    0.0    5.1   34.2  17:57    143
 30   22.9   30.1  14:29   15.8  05:47    0.0    4.6    0.0    5.4   34.2  17:14    155
 31   24.8   31.7  16:00   16.8  04:31    0.0    6.4    0.0    4.0   20.9  11:27    147
---------------------------------------------------------------------------------------
      18.2   32.3     29    5.8     06   41.0   38.0   48.9    3.9   39.2     03     34