Extremalnie wysokie temperatury Ważne od: 19-08-2018 13:00 Do: 20-08-2018 17:00 Ostrzeżenie dla: Extremalnie wysokie temperatury Stopień: Żółty info button

Prognozuje się upały. Temperatura maksymalna w dzień od 29°C do 32°C. Temperatura minimalna w nocy od 16°C do 18°C. Spodziewaj się utrudnień. Wysoka temperatura powietrza może stanowić zagrożenie zdrowia osób szczególnie podatnych np. osób starszych i dzieci.


Heat wave is expected with maximum temperature from 29°C to 32°C and minimum temperature from 16°C to 18°C. BE AWARE that high temperatures are expected. Some health risks amongst vulnerable people e.g. the elderly and very young are possible. 

NOAA-Style Climate Reports

Wybież rok albo miesiąc raportu
2018: Sty Lut Mar Kwi Maj Cze Lip Sie Wrz Paź Lis Gru
2017: Sty Lut Mar Kwi Maj Cze Lip Sie Wrz Paź Lis Gru
2016: Sty Lut Mar Kwi Maj Cze Lip Sie Wrz Paź Lis Gru
2015: Sty Lut Mar Kwi Maj Cze Lip Sie Wrz Paź Lis Gru
2014: Sty Lut Mar Kwi Maj Cze Lip Sie Wrz Paź Lis Gru
2013: Sty Lut Mar Kwi Maj Cze Lip Sie Wrz Paź Lis Gru
2012: Sty Lut Mar Kwi Maj Cze Lip Sie Wrz Paź Lis Gru

Raport dla 2018 Czerwiec
                   MONTHLY CLIMATOLOGICAL SUMMARY for Jun 2018


NAME: Smolec, Poland    City: Smolec                State: Dolnyslask              
ELEV: 123 m    LAT: 51-05.22 N    LONG: 016-54.37 E


                   TEMPERATURE (C), RAIN (mm), WIND SPEED (km/h)

                                         HEAT   COOL         AVG
      MEAN                               DEG    DEG          WIND                   DOM
DAY   TEMP   HIGH   TIME    LOW   TIME   DAYS   DAYS   RAIN  SPEED   HIGH   TIME    DIR
---------------------------------------------------------------------------------------
 01   24.3   33.0  13:14   17.9  04:40    0.0    6.0    0.0    3.8   31.7  18:26    180
 02   22.4   30.5  16:01   19.8  00:00    0.0    4.1    0.0    4.5   33.1  09:56    309
 03   21.0   26.1  17:04   17.3  04:37    0.0    2.7    0.0    5.8   24.5  16:42    312
 04   23.2   31.3  15:43   16.2  03:57    0.0    4.8    0.9    3.1   17.3  07:38    312
 05   22.5   28.7  16:16   17.6  06:07    0.0    4.2    0.0    4.2   25.6  17:36    336
 06   18.2   24.8  15:16   13.0  05:37    0.1    0.0    0.0    5.6   29.5  03:53     64
 07   19.8   28.8  17:06    9.6  04:58    0.0    1.4    0.0    3.5   19.4  12:08    114
 08   23.8   32.6  14:22   14.3  05:05    0.0    5.4    0.0    2.9   15.8  10:49    138
 09   24.1   32.1  13:55   18.6  04:54    0.0    5.8    0.0    2.4   30.6  17:35    144
 10   23.5   31.1  13:26   18.2  04:35    0.0    5.2    0.0    3.2   31.7  19:22    181
 11   22.0   27.9  17:07   18.0  02:53    0.0    3.7    0.0    5.4   24.5  11:54    313
 12   20.3   26.1  17:39   15.9  23:58    0.0    2.0    9.0    2.4   24.5  14:59    317
 13   17.0   21.0  14:07   15.0  04:07    1.4    0.0    0.0    3.6   19.4  15:58    336
 14   17.0   22.8  17:47   10.9  05:50    1.3    0.0    0.0    4.7   22.0  10:16    321
 15   19.3   28.1  16:26   10.0  05:11    0.0    0.9    0.0    2.1   15.8  15:47     11
 16   21.2   30.7  15:38   10.7  05:08    0.0    2.9    0.0    2.2   19.4  12:31     20
 17   23.4   31.9  17:13   13.8  04:54    0.0    5.0    0.0    2.4   22.0  22:34    231
 18   21.6   28.9  16:48   15.5  05:06    0.0    3.3    0.0    5.2   23.4  11:54    314
 19   21.7   26.4  14:27   14.2  05:11    0.0    3.4    0.0    4.1   27.0  10:27    303
 20   24.7   30.8  15:31   18.9  05:52    0.0    6.3    0.0    3.0   15.8  14:20    206
 21   22.3   33.2  15:06   12.7  23:23    0.0    3.9    4.8    7.1   51.5  15:59    274
 22   13.2   16.9  15:49    9.6  05:27    5.2    0.0    0.0    7.0   36.7  10:45    304
 23   13.4   17.0  13:55    9.9  00:20    4.9    0.0    0.0    8.9   45.4  14:17    306
 24   13.9   17.6  16:28   11.9  04:39    4.5    0.0    5.7    9.3   33.1  16:40    310
 25   15.9   22.2  13:26    9.5  04:32    2.4    0.0    0.3    3.9   23.4  13:41    308
 26   14.6   22.5  15:32   11.4  23:51    3.7    0.0   20.7    2.8   28.1  15:49    304
 27   17.4   25.9  15:39   10.9  03:47    1.0    0.0    0.0    2.7   23.4  15:34      7
 28   18.8   23.3  16:46   16.7  05:07    0.0    0.5    2.7    3.6   22.0  08:16      2
 29   23.4   31.3  15:56   16.4  23:59    0.0    5.1    0.3    4.9   29.5  23:54      2
 30   15.9   20.5  15:30   10.6  05:11    2.5    0.0    0.0    5.1   25.6  01:01      9
---------------------------------------------------------------------------------------
      20.0   33.2     21    9.5     25   26.9   76.6   44.4    4.3   51.5     21    320