Brak ostrzeżeń.   -   Brak ostrzeżeń pogodowych

NOAA-Style Climate Reports

Wybież rok albo miesiąc raportu
2018: Sty Lut Mar Kwi Maj Cze Lip Sie Wrz Paź Lis Gru
2017: Sty Lut Mar Kwi Maj Cze Lip Sie Wrz Paź Lis Gru
2016: Sty Lut Mar Kwi Maj Cze Lip Sie Wrz Paź Lis Gru
2015: Sty Lut Mar Kwi Maj Cze Lip Sie Wrz Paź Lis Gru
2014: Sty Lut Mar Kwi Maj Cze Lip Sie Wrz Paź Lis Gru
2013: Sty Lut Mar Kwi Maj Cze Lip Sie Wrz Paź Lis Gru
2012: Sty Lut Mar Kwi Maj Cze Lip Sie Wrz Paź Lis Gru

Raport dla 2018 Lipiec
                   MONTHLY CLIMATOLOGICAL SUMMARY for Jul 2018


NAME: Smolec, Poland    City: Smolec                State: Dolnyslask              
ELEV: 123 m    LAT: 51-05.22 N    LONG: 016-54.37 E


                   TEMPERATURE (C), RAIN (mm), WIND SPEED (km/h)

                                         HEAT   COOL         AVG
      MEAN                               DEG    DEG          WIND                   DOM
DAY   TEMP   HIGH   TIME    LOW   TIME   DAYS   DAYS   RAIN  SPEED   HIGH   TIME    DIR
---------------------------------------------------------------------------------------
 01   14.9   21.5  16:12    7.8  05:27    3.4    0.0    2.1    3.4   23.4  09:16    355
 02   16.1   23.9  18:07    7.1  05:03    2.2    0.0    0.0    2.9   18.4  10:51    315
 03   20.5   28.0  17:36   11.1  06:29    0.0    2.1    0.0    4.0   25.6  12:11    304
 04   23.3   32.7  17:08   11.1  05:05    0.0    4.9    0.0    2.2   18.4  12:18    298
 05   25.3   34.4  15:27   12.9  05:18    0.0    6.9    0.0    2.4   34.2  21:55    325
 06   22.3   27.3  14:13   18.6  06:36    0.0    3.9    0.0    5.2   36.7  17:23    322
 07   21.0   27.4  16:29   15.9  05:57    0.0    2.7    0.0    6.3   30.6  16:11    309
 08   21.1   27.7  17:51   14.7  04:49    0.0    2.7    0.0    2.9   23.4  11:34    329
 09   22.6   29.8  16:39   14.8  04:25    0.0    4.3    0.0    4.5   27.0  15:19    318
 10   17.2   21.4  16:13   13.8  05:13    1.2    0.0   14.4    1.9   13.3  17:04    274
 11   17.7   25.1  14:07   14.6  05:19    0.6    0.0   14.7    2.1   17.3  11:58    284
 12   16.6   22.4  11:06   12.2  05:31    1.7    0.0   10.2    3.4   23.4  12:18    225
 13   18.6   26.6  16:31   12.6  04:18    0.0    0.2    0.6    5.3   33.1  16:34    309
 14   20.6   27.7  12:52   15.2  04:33    0.0    2.2    4.2    5.8   37.8  16:21    314
 15   21.4   29.3  16:15   13.8  05:35    0.0    3.1    0.0    3.8   24.5  12:55    321
 16   22.7   31.3  16:39   13.2  05:20    0.0    4.4    0.0    3.1   18.4  19:38    347
 17   18.6   20.8  00:00   17.3  04:33    0.0    0.2   15.9    7.5   28.1  23:55    307
 18   18.1   18.6  18:07   17.3  09:44    0.2    0.0   17.1   10.8   34.2  06:27    316
 19   18.6   20.0  11:30   17.6  23:35    0.0    0.3    0.9    9.4   30.6  12:33    312
 20   21.6   28.2  15:10   16.1  05:10    0.0    3.2    0.0    5.2   28.1  12:11    311
 21   22.5   31.7  14:41   12.1  05:05    0.0    4.1    0.0    1.2   12.2  12:16     68
 22   22.4   31.0  16:11   14.1  05:08    0.0    4.0    0.0    2.9   17.3  16:35    334
 23   23.2   30.8  14:39   15.3  05:34    0.0    4.9    0.0    3.6   22.0  15:19    330
 24   23.5   30.2  17:09   15.9  05:37    0.0    5.1    0.0    4.0   27.0  15:43    333
 25   24.1   30.6  15:45   17.4  03:03    0.0    5.8    0.0    3.4   23.4  15:46    346
 26   24.1   32.5  13:33   16.5  05:19    0.0    5.8    0.6    2.4   29.5  20:11      5
 27   21.5   30.1  12:27   17.4  06:35    0.0    3.1    9.9    1.2   33.1  14:36    336
 28   24.2   32.5  16:27   16.3  05:27    0.0    5.9    0.0    2.0   15.8  15:07    170
 29   24.9   31.6  15:33   20.0  03:46    0.0    6.5    0.0    4.1   24.5  08:18    326
 30   25.5   34.6  15:45   16.1  05:58    0.0    7.2    0.0    1.4   14.8  15:17     11
 31   26.7   35.9  15:00   17.1  05:23    0.0    8.3    0.0    1.7   14.8  15:49    113
---------------------------------------------------------------------------------------
      21.3   35.9     31    7.1     02    9.4  102.1   90.6    3.9   37.8     14    317